{"id":954,"date":"2023-06-19T20:45:34","date_gmt":"2023-06-19T20:45:34","guid":{"rendered":"https:\/\/webredox.net\/demo\/wp\/artefact\/multi\/light\/demo1\/?page_id=954"},"modified":"2025-09-23T18:41:55","modified_gmt":"2025-09-23T18:41:55","slug":"contact","status":"publish","type":"page","link":"https:\/\/caycu-arte.com\/index.php\/contact\/","title":{"rendered":"CONTACTO"},"content":{"rendered":"\t\t<div data-elementor-type=\"wp-page\" data-elementor-id=\"954\" class=\"elementor elementor-954\">\n\t\t\t\t\t\t<section class=\"elementor-section elementor-top-section elementor-element elementor-element-d402968 elementor-section-full_width elementor-section-height-default elementor-section-height-default\" data-id=\"d402968\" data-element_type=\"section\">\n\t\t\t\t\t\t<div class=\"elementor-container elementor-column-gap-no\">\n\t\t\t\t\t<div class=\"elementor-column elementor-col-100 elementor-top-column elementor-element elementor-element-bbfe91a\" data-id=\"bbfe91a\" data-element_type=\"column\">\n\t\t\t<div class=\"elementor-widget-wrap elementor-element-populated\">\n\t\t\t\t\t\t<div class=\"elementor-element elementor-element-9ae40be caja-com elementor-widget elementor-widget-artefact-banner-image\" data-id=\"9ae40be\" data-element_type=\"widget\" data-widget_type=\"artefact-banner-image.default\">\n\t\t\t\t<div class=\"elementor-widget-container\">\n\t\t\t\t\t\t\t\n\t<!-- Header Banner -->\n\t<header class=\"header\">\n\n\t\t\t\t<div class=\"banner-header full-height section-padding valign bg-img bg-fixed text-left\" data-overlay-dark=\"4\" data-background=\"https:\/\/caycu-arte.com\/wp-content\/uploads\/2025\/06\/contacto-hero-deg.webp\">\n\t\t\t\t\t\t\t\t\t\t\t\t<div class=\"container\">\n\t\t\t\t\t<div class=\"row\">\n\t\t\t\t\t\t<div class=\"col-md-6 offset-0\">\n\t\t\t\t\t\t\t<div class=\"caption\">\n\t\t\t\t\t\t\t\t\t\t\t\t\t\t\t\t<h5><a href=\"https:\/\/caycu-arte.com\/\">INICIO<\/a> \/ CONTACTO<\/h5>\n\t\t\t\t\t\t\t\t\t\t\t\t\t\t\t\t\t\t\t\t\t\t\t\t\t\t\t\t\t\t\t\t<h1>CON<span class=\"text-color-red\">TACTO<\/span>\n<\/h1>\n\t\t\t\t\t\t\t\t\t\t\t\t\t\t\t\t\t\t\t\t\t\t\t\t<hr>\n\t\t\t\t\t\t\t\t<p>\u00bfTienes una idea, una colaboraci\u00f3n en mente o simplemente quieres saber m\u00e1s? En <strong>CAYCU<\/strong>, estamos aqu\u00ed para escucharte. Escr\u00edbenos y hagamos que la creatividad nos acerque.<\/p>\n\t\t\t\t\t\t\t\t\t\t\t\t\t\t\t\t\t\t\t\t\t\t\t<\/div>\t\t\t\t\t\t\n\t\t\t\t\t\t<\/div>\t\t\t\t\t\t\n\t\t\t\t\t<\/div>\n\t\t\t\t<\/div>\n\t\t\t\t\t\t\n        <\/div>\t\t\t\n\t<\/header>\t\t\n\t\t\n    \t\t\t\t<\/div>\n\t\t\t\t<\/div>\n\t\t\t\t<div class=\"elementor-element elementor-element-0f23365 elementor-hidden-desktop elementor-hidden-tablet elementor-widget elementor-widget-artefact-image\" data-id=\"0f23365\" data-element_type=\"widget\" data-widget_type=\"artefact-image.default\">\n\t\t\t\t<div class=\"elementor-widget-container\">\n\t\t\t\t\t\t\t\n\t\t\t\t\n\t\t\t<div class=\"sec-img team\">\n\t\t\t\t<div class=\"img\">\n\t\t\t\t\t\t\t\t\n\t\t\t\t\t<img decoding=\"async\" src=\"https:\/\/caycu-arte.com\/wp-content\/uploads\/2025\/06\/contacto-chico-deg.webp\" alt=\"\"> \n\t\t\t\t\t\t\n\t\t\t\t<\/div>\t\n\t\t\t<\/div>\t\n\t\t\t\n\t\t\t\t\t\n\t\t\n\t\t\t\n        \t\t\t\t<\/div>\n\t\t\t\t<\/div>\n\t\t\t\t<div class=\"elementor-element elementor-element-4b4f43b elementor-widget elementor-widget-html\" data-id=\"4b4f43b\" data-element_type=\"widget\" data-widget_type=\"html.default\">\n\t\t\t\t<div class=\"elementor-widget-container\">\n\t\t\t\t\t<script>\nfunction updateOverlay() {\n    let banner = document.querySelector('.banner-header');\n    if (window.innerWidth <= 768) {\n        banner.setAttribute('data-overlay-dark', '0'); \/\/ Cambia el valor cuando el ancho es menor o igual a 768px\n    } else {\n        banner.setAttribute('data-overlay-dark', '0'); \/\/ Restaura el valor cuando el ancho es mayor a 768px\n    }\n}\n\nwindow.addEventListener('load', updateOverlay);\nwindow.addEventListener('resize', updateOverlay);\n<\/script>\t\t\t\t<\/div>\n\t\t\t\t<\/div>\n\t\t\t\t<div class=\"elementor-element elementor-element-01b5c68 elementor-widget elementor-widget-artefact-vertical\" data-id=\"01b5c68\" data-element_type=\"widget\" data-widget_type=\"artefact-vertical.default\">\n\t\t\t\t<div class=\"elementor-widget-container\">\n\t\t\t\t\t\t\t\n\t\t\t\t<!-- hr -->\n        <hr class=\"line-vr-section\">\n        \t\t\t\t\t\n\t\t\t\n        \t\t\t\t<\/div>\n\t\t\t\t<\/div>\n\t\t\t\t\t<\/div>\n\t\t<\/div>\n\t\t\t\t\t<\/div>\n\t\t<\/section>\n\t\t\t\t<section class=\"elementor-section elementor-top-section elementor-element elementor-element-60077e55 elementor-section-boxed elementor-section-height-default elementor-section-height-default\" data-id=\"60077e55\" data-element_type=\"section\">\n\t\t\t\t\t\t<div class=\"elementor-container elementor-column-gap-default\">\n\t\t\t\t\t<div class=\"elementor-column elementor-col-100 elementor-top-column elementor-element elementor-element-78a88d68\" data-id=\"78a88d68\" data-element_type=\"column\">\n\t\t\t<div class=\"elementor-widget-wrap elementor-element-populated\">\n\t\t\t\t\t\t<div class=\"elementor-section elementor-inner-section elementor-element elementor-element-f4db8f6 elementor-section-boxed elementor-section-height-default elementor-section-height-default\" data-id=\"f4db8f6\" data-element_type=\"section\">\n\t\t\t\t\t\t<div class=\"elementor-container elementor-column-gap-default\">\n\t\t\t\t\t<div class=\"elementor-column elementor-col-33 elementor-inner-column elementor-element elementor-element-70a078b7\" data-id=\"70a078b7\" data-element_type=\"column\">\n\t\t\t<div class=\"elementor-widget-wrap elementor-element-populated\">\n\t\t\t\t\t\t<div class=\"elementor-element elementor-element-3dd72823 elementor-widget elementor-widget-artefact-title\" data-id=\"3dd72823\" data-element_type=\"widget\" data-widget_type=\"artefact-title.default\">\n\t\t\t\t<div class=\"elementor-widget-container\">\n\t\t\t\t\t\t\t\n\t\t\t\t\t\t\t\t<h2 class=\"section-title2 text-left\">\u00danete a nosotros<\/h2>\n\t\t\t\t\t\t<div class=\"section-text text-left\"><p><p>Con\u00e9ctate con la Danza, la M\u00fasica, el Teatro, las Artes Visuales, la Literatura y el Multimedia a trav\u00e9s de nuestros talleres, cursos, congresos, seminarios, diplomados, clases magistrales y laboratorios de creaci\u00f3n.<\/p><\/p><\/div>\t\t\n\t\t\t\n        \t\t\t\t<\/div>\n\t\t\t\t<\/div>\n\t\t\t\t<div class=\"elementor-element elementor-element-67380c9 elementor-widget elementor-widget-artefact-contact\" data-id=\"67380c9\" data-element_type=\"widget\" data-widget_type=\"artefact-contact.default\">\n\t\t\t\t<div class=\"elementor-widget-container\">\n\t\t\t\t\t        \n\t\t\n\t\t\t\t\n\t\t\n\t\t<div class=\"sec-contact-info contact\">\t\t    \n\t\t\t\t\t\t\n\t\t\t\t\t\t\t\t\t                        <div class=\"item\">\n\t\t\t\t\t\t\t   \n\t\t\t\t\t\t\t<span class=\"icon\"><img decoding=\"async\" src=\"https:\/\/caycu-arte.com\/wp-content\/uploads\/2025\/07\/call-gray.png\" alt=\"\"><\/span>\n\t\t\t\t\t\t\t\t\t\t\t\t\t\t\t\n\t\t\t\t\t\t\t<div class=\"cont\">\n\t\t\t\t\t\t       <h6>Tel\u00e9fono<\/h6> <p><a href=\"tel:55 3683 9242\">55 3683 9242<\/a><\/p>\n\t\t\t\t\t\t    <\/div>\n\t\t\t\t\t\t<\/div>\n\t\t\t\t\t\t \n\n\t\t\t\t\t\t\t\t\t\t\n\t\t\t\t\t\t<div class=\"item\">\n\t\t\t\t\t\t\t\t\n\t\t\t\t\t\t\t\t<span class=\"icon ti-location-pin\"><\/span>\n\t\t\t\t\t\t\t\t\t\t\t\t\t\t\t\n\t\t\t\t\t\t\t<div class=\"cont\">\n\t\t\t\t\t\t\t\t<h6>Direcci\u00f3n<\/h6> <p><a href=\"\" target=\"_self\">Juan V\u00e1zquez de Mella 481, piso 2 Col. Polanco 1ra. secci\u00f3n. Alcald\u00eda Miguel Hidalgo C.P. 11510 CDMX.<\/a><\/p>\n\t\t\t\t\t\t    <\/div>\t\t\t\t\t\t\t\t\t\t\n\t\t\t\t\t   <\/div>\t\t\t\t\t\t\t\t\t\t\n\t\t\t\t\t\t \n\n\t\t\t\t\t\t\t\t\n        <\/div>\n\t\t\t\n        \t\t\t\t<\/div>\n\t\t\t\t<\/div>\n\t\t\t\t\t<\/div>\n\t\t<\/div>\n\t\t\t\t<div class=\"elementor-column elementor-col-33 elementor-inner-column elementor-element elementor-element-5ca0c38a\" data-id=\"5ca0c38a\" data-element_type=\"column\">\n\t\t\t<div class=\"elementor-widget-wrap\">\n\t\t\t\t\t\t\t<\/div>\n\t\t<\/div>\n\t\t\t\t<div class=\"elementor-column elementor-col-33 elementor-inner-column elementor-element elementor-element-4d2e9985\" data-id=\"4d2e9985\" data-element_type=\"column\">\n\t\t\t<div class=\"elementor-widget-wrap elementor-element-populated\">\n\t\t\t\t\t\t<div class=\"elementor-element elementor-element-46f53c4 elementor-widget elementor-widget-artefact-title\" data-id=\"46f53c4\" data-element_type=\"widget\" data-widget_type=\"artefact-title.default\">\n\t\t\t\t<div class=\"elementor-widget-container\">\n\t\t\t\t\t\t\t\n\t\t\t\t\t\t\t\t<h2 class=\"section-title2 text-left\">Cont\u00e1ctanos<\/h2>\n\t\t\t\t\t\t\t\t\n\t\t\t\n        \t\t\t\t<\/div>\n\t\t\t\t<\/div>\n\t\t\t\t<div class=\"elementor-element elementor-element-c2888dc elementor-widget elementor-widget-artefact-form\" data-id=\"c2888dc\" data-element_type=\"widget\" data-widget_type=\"artefact-form.default\">\n\t\t\t\t<div class=\"elementor-widget-container\">\n\t\t\t\t\t\t\t\n\t\t<div class=\"sec-contact-form booking-box\">\t\t\t\n\t\t\t<div class=\"booking-inner clearfix\">\n\t\t\t\t<div class=\"clearfix contact__form vc_template\">\t\t\n\t\t\t\t\t\n<div class=\"wpcf7 no-js\" id=\"wpcf7-f995-o1\" lang=\"en-US\" dir=\"ltr\" data-wpcf7-id=\"995\">\n<div class=\"screen-reader-response\"><p role=\"status\" aria-live=\"polite\" aria-atomic=\"true\"><\/p> <ul><\/ul><\/div>\n<form action=\"\/index.php\/wp-json\/wp\/v2\/pages\/954#wpcf7-f995-o1\" method=\"post\" class=\"wpcf7-form init\" aria-label=\"Contact form\" novalidate=\"novalidate\" data-status=\"init\">\n<div style=\"display: none;\">\n<input type=\"hidden\" name=\"_wpcf7\" value=\"995\" \/>\n<input type=\"hidden\" name=\"_wpcf7_version\" value=\"6.0.5\" \/>\n<input type=\"hidden\" name=\"_wpcf7_locale\" value=\"en_US\" \/>\n<input type=\"hidden\" name=\"_wpcf7_unit_tag\" value=\"wpcf7-f995-o1\" \/>\n<input type=\"hidden\" name=\"_wpcf7_container_post\" value=\"0\" \/>\n<input type=\"hidden\" name=\"_wpcf7_posted_data_hash\" value=\"\" \/>\n<\/div>\n<div class=\"row\">\n\t<div class=\"col-md-12\">\n\t\t<p><span class=\"wpcf7-form-control-wrap\" data-name=\"your-name\"><input size=\"40\" maxlength=\"400\" class=\"wpcf7-form-control wpcf7-text wpcf7-validates-as-required\" autocomplete=\"name\" aria-required=\"true\" aria-invalid=\"false\" placeholder=\"Nombre\" value=\"\" type=\"text\" name=\"your-name\" \/><\/span>\n\t\t<\/p>\n\t<\/div>\n\t<div class=\"col-md-6\">\n\t\t<p><span class=\"wpcf7-form-control-wrap\" data-name=\"your-email\"><input size=\"40\" maxlength=\"400\" class=\"wpcf7-form-control wpcf7-email wpcf7-validates-as-required wpcf7-text wpcf7-validates-as-email\" autocomplete=\"email\" aria-required=\"true\" aria-invalid=\"false\" placeholder=\"Email\" value=\"\" type=\"email\" name=\"your-email\" \/><\/span>\n\t\t<\/p>\n\t<\/div>\n\t<div class=\"col-md-6\">\n\t\t<p><span class=\"wpcf7-form-control-wrap\" data-name=\"your-subject\"><input size=\"40\" maxlength=\"400\" class=\"wpcf7-form-control wpcf7-text wpcf7-validates-as-required\" aria-required=\"true\" aria-invalid=\"false\" placeholder=\"Asunto\" value=\"\" type=\"text\" name=\"your-subject\" \/><\/span>\n\t\t<\/p>\n\t<\/div>\n\t<div class=\"col-md-12\">\n\t\t<p><span class=\"wpcf7-form-control-wrap\" data-name=\"your-message\"><textarea cols=\"40\" rows=\"10\" maxlength=\"2000\" class=\"wpcf7-form-control wpcf7-textarea\" aria-invalid=\"false\" placeholder=\"Mensaje\" name=\"your-message\"><\/textarea><\/span>\n\t\t<\/p>\n\t<\/div>\n<\/div>\n<p><div class=\"wpcf7-form-control has-spinner wpcf7-submit\"><button class=\"btn-form1-submit mt-15\">Enviar Mensaje<\/button><\/div>\n<\/p><div class=\"wpcf7-response-output\" aria-hidden=\"true\"><\/div>\n<\/form>\n<\/div>\n\t\t\t\t<\/div>\t\n\t\t\t<\/div>\t\t\t\t\t\n\t\t<\/div>\t\n\t\t\n        \t\t\t\t<\/div>\n\t\t\t\t<\/div>\n\t\t\t\t\t<\/div>\n\t\t<\/div>\n\t\t\t\t\t<\/div>\n\t\t<\/div>\n\t\t\t\t\t<\/div>\n\t\t<\/div>\n\t\t\t\t\t<\/div>\n\t\t<\/section>\n\t\t\t\t<section class=\"elementor-section elementor-top-section elementor-element elementor-element-729c6ec9 elementor-hidden-desktop elementor-hidden-tablet elementor-hidden-mobile elementor-section-boxed elementor-section-height-default elementor-section-height-default\" data-id=\"729c6ec9\" data-element_type=\"section\">\n\t\t\t\t\t\t<div class=\"elementor-container elementor-column-gap-default\">\n\t\t\t\t\t<div class=\"elementor-column elementor-col-100 elementor-top-column elementor-element elementor-element-3877855a\" data-id=\"3877855a\" data-element_type=\"column\">\n\t\t\t<div class=\"elementor-widget-wrap elementor-element-populated\">\n\t\t\t\t\t\t<div class=\"elementor-section elementor-inner-section elementor-element elementor-element-31c540c8 elementor-section-boxed elementor-section-height-default elementor-section-height-default\" data-id=\"31c540c8\" data-element_type=\"section\">\n\t\t\t\t\t\t<div class=\"elementor-container elementor-column-gap-default\">\n\t\t\t\t\t<div class=\"elementor-column elementor-col-100 elementor-inner-column elementor-element elementor-element-c0c182\" data-id=\"c0c182\" data-element_type=\"column\">\n\t\t\t<div class=\"elementor-widget-wrap elementor-element-populated\">\n\t\t\t\t\t\t<div class=\"elementor-element elementor-element-55e592c elementor-widget elementor-widget-artefact-map\" data-id=\"55e592c\" data-element_type=\"widget\" data-widget_type=\"artefact-map.default\">\n\t\t\t\t<div class=\"elementor-widget-container\">\n\t\t\t\t\t\n\t\t\t\t\t\n\t\t\n\t\t<div class=\"sec-gmap\">\n            <div class=\"map-container\">\n\t\t\t\t<div id=\"map-single\" class=\"map\" data-map-back=\"\/\/{s}.basemaps.cartocdn.com\/light_all\/{z}\/{x}\/{y}.png\" data-latlog=\"[48.859003, 2.345275]\" data-popuptext=\"27th Brooklyn New York, NY 10065\"  data-popupicon=\"https:\/\/webredox.net\/images\/mapmarker.png\"><\/div>\t\t\t\t\n\t\t    <\/div>\t\t\t\n\t\t<\/div>\t\t\n\t\t\n\t\t\t\n        \t\t\t\t<\/div>\n\t\t\t\t<\/div>\n\t\t\t\t\t<\/div>\n\t\t<\/div>\n\t\t\t\t\t<\/div>\n\t\t<\/div>\n\t\t\t\t\t<\/div>\n\t\t<\/div>\n\t\t\t\t\t<\/div>\n\t\t<\/section>\n\t\t\t\t<\/div>\n\t\t","protected":false},"excerpt":{"rendered":"<p>INICIO \/ CONTACTO CONTACTO \u00bfTienes una idea, una colaboraci\u00f3n en mente o simplemente quieres saber m\u00e1s? En CAYCU, estamos aqu\u00ed para escucharte. Escr\u00edbenos y hagamos que la creatividad nos acerque. \u00danete a nosotros Con\u00e9ctate con la Danza, la M\u00fasica, el Teatro, las Artes Visuales, la Literatura y el Multimedia a trav\u00e9s de nuestros talleres, cursos, congresos, seminarios, diplomados, clases magistrales<\/p>\n","protected":false},"author":1,"featured_media":0,"parent":0,"menu_order":0,"comment_status":"closed","ping_status":"closed","template":"","meta":{"_monsterinsights_skip_tracking":false,"_monsterinsights_sitenote_active":false,"_monsterinsights_sitenote_note":"","_monsterinsights_sitenote_category":0,"footnotes":""},"class_list":["post-954","page","type-page","status-publish","hentry"],"yoast_head":"<!-- This site is optimized with the Yoast SEO plugin v24.7 - https:\/\/yoast.com\/wordpress\/plugins\/seo\/ -->\n<title>CONTACTO - CAYCU-ARTE<\/title>\n<meta name=\"robots\" content=\"index, follow, max-snippet:-1, max-image-preview:large, max-video-preview:-1\" \/>\n<link rel=\"canonical\" href=\"https:\/\/caycu-arte.com\/index.php\/contact\/\" \/>\n<meta property=\"og:locale\" content=\"es_MX\" \/>\n<meta property=\"og:type\" content=\"article\" \/>\n<meta property=\"og:title\" content=\"CONTACTO - CAYCU-ARTE\" \/>\n<meta property=\"og:description\" content=\"INICIO \/ CONTACTO CONTACTO \u00bfTienes una idea, una colaboraci\u00f3n en mente o simplemente quieres saber m\u00e1s? En CAYCU, estamos aqu\u00ed para escucharte. Escr\u00edbenos y hagamos que la creatividad nos acerque. \u00danete a nosotros Con\u00e9ctate con la Danza, la M\u00fasica, el Teatro, las Artes Visuales, la Literatura y el Multimedia a trav\u00e9s de nuestros talleres, cursos, congresos, seminarios, diplomados, clases magistrales\" \/>\n<meta property=\"og:url\" content=\"https:\/\/caycu-arte.com\/index.php\/contact\/\" \/>\n<meta property=\"og:site_name\" content=\"CAYCU-ARTE\" \/>\n<meta property=\"article:modified_time\" content=\"2025-09-23T18:41:55+00:00\" \/>\n<meta property=\"og:image\" content=\"https:\/\/caycu-arte.com\/wp-content\/uploads\/2025\/06\/contacto-chico-deg.webp\" \/>\n<meta name=\"twitter:card\" content=\"summary_large_image\" \/>\n<meta name=\"twitter:label1\" content=\"Tiempo de lectura\" \/>\n\t<meta name=\"twitter:data1\" content=\"5 minutos\" \/>\n<script type=\"application\/ld+json\" class=\"yoast-schema-graph\">{\"@context\":\"https:\/\/schema.org\",\"@graph\":[{\"@type\":\"WebPage\",\"@id\":\"https:\/\/caycu-arte.com\/index.php\/contact\/\",\"url\":\"https:\/\/caycu-arte.com\/index.php\/contact\/\",\"name\":\"CONTACTO - CAYCU-ARTE\",\"isPartOf\":{\"@id\":\"https:\/\/caycu-arte.com\/#website\"},\"primaryImageOfPage\":{\"@id\":\"https:\/\/caycu-arte.com\/index.php\/contact\/#primaryimage\"},\"image\":{\"@id\":\"https:\/\/caycu-arte.com\/index.php\/contact\/#primaryimage\"},\"thumbnailUrl\":\"https:\/\/caycu-arte.com\/wp-content\/uploads\/2025\/06\/contacto-chico-deg.webp\",\"datePublished\":\"2023-06-19T20:45:34+00:00\",\"dateModified\":\"2025-09-23T18:41:55+00:00\",\"breadcrumb\":{\"@id\":\"https:\/\/caycu-arte.com\/index.php\/contact\/#breadcrumb\"},\"inLanguage\":\"es\",\"potentialAction\":[{\"@type\":\"ReadAction\",\"target\":[\"https:\/\/caycu-arte.com\/index.php\/contact\/\"]}]},{\"@type\":\"ImageObject\",\"inLanguage\":\"es\",\"@id\":\"https:\/\/caycu-arte.com\/index.php\/contact\/#primaryimage\",\"url\":\"https:\/\/caycu-arte.com\/wp-content\/uploads\/2025\/06\/contacto-chico-deg.webp\",\"contentUrl\":\"https:\/\/caycu-arte.com\/wp-content\/uploads\/2025\/06\/contacto-chico-deg.webp\",\"width\":979,\"height\":696},{\"@type\":\"BreadcrumbList\",\"@id\":\"https:\/\/caycu-arte.com\/index.php\/contact\/#breadcrumb\",\"itemListElement\":[{\"@type\":\"ListItem\",\"position\":1,\"name\":\"Inicio\",\"item\":\"https:\/\/caycu-arte.com\/\"},{\"@type\":\"ListItem\",\"position\":2,\"name\":\"CONTACTO\"}]},{\"@type\":\"WebSite\",\"@id\":\"https:\/\/caycu-arte.com\/#website\",\"url\":\"https:\/\/caycu-arte.com\/\",\"name\":\"CAYCU-ARTE\",\"description\":\"Creando Experiencias a trav\u00e9s del Arte\",\"potentialAction\":[{\"@type\":\"SearchAction\",\"target\":{\"@type\":\"EntryPoint\",\"urlTemplate\":\"https:\/\/caycu-arte.com\/?s={search_term_string}\"},\"query-input\":{\"@type\":\"PropertyValueSpecification\",\"valueRequired\":true,\"valueName\":\"search_term_string\"}}],\"inLanguage\":\"es\"}]}<\/script>\n<!-- \/ Yoast SEO plugin. -->","yoast_head_json":{"title":"CONTACTO - CAYCU-ARTE","robots":{"index":"index","follow":"follow","max-snippet":"max-snippet:-1","max-image-preview":"max-image-preview:large","max-video-preview":"max-video-preview:-1"},"canonical":"https:\/\/caycu-arte.com\/index.php\/contact\/","og_locale":"es_MX","og_type":"article","og_title":"CONTACTO - CAYCU-ARTE","og_description":"INICIO \/ CONTACTO CONTACTO \u00bfTienes una idea, una colaboraci\u00f3n en mente o simplemente quieres saber m\u00e1s? En CAYCU, estamos aqu\u00ed para escucharte. Escr\u00edbenos y hagamos que la creatividad nos acerque. \u00danete a nosotros Con\u00e9ctate con la Danza, la M\u00fasica, el Teatro, las Artes Visuales, la Literatura y el Multimedia a trav\u00e9s de nuestros talleres, cursos, congresos, seminarios, diplomados, clases magistrales","og_url":"https:\/\/caycu-arte.com\/index.php\/contact\/","og_site_name":"CAYCU-ARTE","article_modified_time":"2025-09-23T18:41:55+00:00","og_image":[{"url":"https:\/\/caycu-arte.com\/wp-content\/uploads\/2025\/06\/contacto-chico-deg.webp","type":"","width":"","height":""}],"twitter_card":"summary_large_image","twitter_misc":{"Tiempo de lectura":"5 minutos"},"schema":{"@context":"https:\/\/schema.org","@graph":[{"@type":"WebPage","@id":"https:\/\/caycu-arte.com\/index.php\/contact\/","url":"https:\/\/caycu-arte.com\/index.php\/contact\/","name":"CONTACTO - CAYCU-ARTE","isPartOf":{"@id":"https:\/\/caycu-arte.com\/#website"},"primaryImageOfPage":{"@id":"https:\/\/caycu-arte.com\/index.php\/contact\/#primaryimage"},"image":{"@id":"https:\/\/caycu-arte.com\/index.php\/contact\/#primaryimage"},"thumbnailUrl":"https:\/\/caycu-arte.com\/wp-content\/uploads\/2025\/06\/contacto-chico-deg.webp","datePublished":"2023-06-19T20:45:34+00:00","dateModified":"2025-09-23T18:41:55+00:00","breadcrumb":{"@id":"https:\/\/caycu-arte.com\/index.php\/contact\/#breadcrumb"},"inLanguage":"es","potentialAction":[{"@type":"ReadAction","target":["https:\/\/caycu-arte.com\/index.php\/contact\/"]}]},{"@type":"ImageObject","inLanguage":"es","@id":"https:\/\/caycu-arte.com\/index.php\/contact\/#primaryimage","url":"https:\/\/caycu-arte.com\/wp-content\/uploads\/2025\/06\/contacto-chico-deg.webp","contentUrl":"https:\/\/caycu-arte.com\/wp-content\/uploads\/2025\/06\/contacto-chico-deg.webp","width":979,"height":696},{"@type":"BreadcrumbList","@id":"https:\/\/caycu-arte.com\/index.php\/contact\/#breadcrumb","itemListElement":[{"@type":"ListItem","position":1,"name":"Inicio","item":"https:\/\/caycu-arte.com\/"},{"@type":"ListItem","position":2,"name":"CONTACTO"}]},{"@type":"WebSite","@id":"https:\/\/caycu-arte.com\/#website","url":"https:\/\/caycu-arte.com\/","name":"CAYCU-ARTE","description":"Creando Experiencias a trav\u00e9s del Arte","potentialAction":[{"@type":"SearchAction","target":{"@type":"EntryPoint","urlTemplate":"https:\/\/caycu-arte.com\/?s={search_term_string}"},"query-input":{"@type":"PropertyValueSpecification","valueRequired":true,"valueName":"search_term_string"}}],"inLanguage":"es"}]}},"_links":{"self":[{"href":"https:\/\/caycu-arte.com\/index.php\/wp-json\/wp\/v2\/pages\/954","targetHints":{"allow":["GET"]}}],"collection":[{"href":"https:\/\/caycu-arte.com\/index.php\/wp-json\/wp\/v2\/pages"}],"about":[{"href":"https:\/\/caycu-arte.com\/index.php\/wp-json\/wp\/v2\/types\/page"}],"author":[{"embeddable":true,"href":"https:\/\/caycu-arte.com\/index.php\/wp-json\/wp\/v2\/users\/1"}],"replies":[{"embeddable":true,"href":"https:\/\/caycu-arte.com\/index.php\/wp-json\/wp\/v2\/comments?post=954"}],"version-history":[{"count":41,"href":"https:\/\/caycu-arte.com\/index.php\/wp-json\/wp\/v2\/pages\/954\/revisions"}],"predecessor-version":[{"id":4035,"href":"https:\/\/caycu-arte.com\/index.php\/wp-json\/wp\/v2\/pages\/954\/revisions\/4035"}],"wp:attachment":[{"href":"https:\/\/caycu-arte.com\/index.php\/wp-json\/wp\/v2\/media?parent=954"}],"curies":[{"name":"wp","href":"https:\/\/api.w.org\/{rel}","templated":true}]}}